 + y + y**p - 5*y - 3*y. Calculate d(6).
-12
Let g = -55 + -137. Let q = -187 - g. Let a(o) = -o**3 + 5*o**2 - 2*o - 6. Give a(q).
-16
Let d be 4 - (39/33 - 12/66). Let x(b) be the first derivative of 0*b + 1/3*b**d - 40 - 1/2*b**2. Determine x(3).
6
Let a(w) = 4*w + 3. Let v(q) be the third derivative of q**4/12 + q**3/6 - 51*q**2. Let r(z) = -4*a(z) + 12*v(z). Calculate r(4).
32
Let b(j) be the second derivative of 73*j**3/6 - 70*j**2 - 5*j + 378. Determine b(2).
6
Let r(q) be the second derivative of 1/12*q**4 + 5*q + 0 + 0*q**2 - 2/3*q**3. Suppose -28*k = -21 - 63. What is r(k)?
-3
Let v(s) = -3*s**2 - 27*s + 40. Suppose -3*h - 5*y = 13, -2*h + 216*y = 219*y + 10. Calculate v(h).
-26
Let g be (-6)/(-2)*(0 + 11 - (-238)/(-21)). Let o(t) = 9*t + 8. Calculate o(g).
-1
Suppose 0 = -5*l - a + 23, l + 0*l = 3*a + 11. Let v(b) = -12863 - 3*b + 6435 + b**2 + 6422. Determine v(l).
4
Suppose 2*u + 35 = 27. Let t(y) = -16*y - 3. Let b(m) = -m - 1. Let k(v) = u*b(v) + t(v). What is k(1)?
-11
Let z(g) be the second derivative of g**3/3 + g**2/2 + 2*g. Let x(k) = -76*k - 67. Let c be x(-1). Suppose c*v - 114 = -29*v. Give z(v).
7
Let j(i) = -i**2 - 12*i - 6. Suppose 8329 = 10*z - 271. Let d be (9/(-5))/(129/z). What is j(d)?
-6
Suppose 4 = -6*i + 8*i. Suppose 2*m + 5*g - 6*g + i = 0, m = 5*g - 10. Let a(q) = -q - 9. Determine a(m).
-9
Let v = 74 + -71. Let o(l) = 3*l - 2*l - 9*l**2 + 8*l**2 - 1. Let a(k) = 5*k**2 - 5*k + 4. Let f(i) = -a(i) - 6*o(i). What is f(v)?
8
Let j = 7 - 6. Let r(y) be the third derivative of -y**6/20 - 7*y**2 - 56*y. What is r(j)?
-6
Suppose 0 = 5*q + 4*n - 13, 3*q - 4*q + 8 = -n. Suppose 2*l - q = 2*d - 3*d, 5*d - 3*l = 25. Let s(c) = -c**2 + 7*c - 6. Give s(d).
4
Let f(y) = y**2 - 13*y + 19. Let j = 9889 + -9876. Calculate f(j).
19
Let n(z) = -24*z + 53. Let v(o) = 10*o - 26. Let a(d) = 3*n(d) + 7*v(d). Give a(-16).
9
Let u(s) = -3*s + 2. Let o(k) = -9*k - 2. Suppose -5*n - 2*a = 3 + 2, 5*a + 28 = 3*n. Let t(g) = n*u(g) + o(g). Give t(-3).
36
Let i(s) = -1 - s + 4*s + 10*s + 3*s**3 - 21*s - 8*s**2. Let m be i(-1). Let f(y) = y**2 + 10*y + 6. Give f(m).
-18
Let y(a) = -2*a**2 - 30*a - 97. Let d = 6204 + -6216. Determine y(d).
-25
Let n(w) = -w**2 + 6*w + 8. Let o be n(6). Suppose -11*g = -o*g + 3. Let m(y) be the second derivative of -y**3/3 + y**2/2 + 5*y + 23. What is m(g)?
3
Let l(b) be the third derivative of 5*b**4/24 + 15*b**3/2 - 4625*b**2. Give l(-8).
5
Suppose 2*u - 16 = 20. Let z(f) be the first derivative of 3*f + 31*f**2 - 56*f**2 + 24*f**2 + u. What is z(-6)?
15
Let t(d) = 1 - d**3 + 3*d**2 + 3 + 0 - 2*d. Let c(q) = -9207*q + 27624. Let p be c(3). What is t(p)?
-2
Let r(u) be the second derivative of u**4/6 - u**3/6 + 5*u**2 + 262*u. Give r(5).
55
Let d be 0 - -2 - 0 - 6. Let m(x) = x**2 + x - 17. Let v(n) = -n**2 - 2*n + 33. Let r(p) = d*v(p) - 7*m(p). Let f(h) be the first derivative of r(h). Give f(1).
-5
Let j(h) = 4*h - 16. Let o(f) = 14*f - 58. Let x(z) = 15*j(z) - 4*o(z). What is x(-3)?
-20
Let o(z) = -38*z - 14. Let s(r) = -13*r - 5. Let f(k) = -3*o(k) + 8*s(k). Suppose 0 = 660*i + 1354 + 666 - 40. Calculate f(i).
-28
Let g(p) = -p**2 - 20*p - 1. Suppose -2*t + 4*o = 4, 0 = 5*t + 601*o - 606*o + 50. Determine g(t).
35
Let n = -92 + 71. Let k = n + 21. Suppose 5*u + 3*r = -r - 15, k = 3*r - 15. Let g(a) = -a**3 - 8*a**2 - 8*a - 3. Give g(u).
4
Let d = -21229 + 21223. Let a(z) = -17*z**2 - 100*z + 19. Determine a(d).
7
Let p(z) be the third derivative of z**6/120 - z**5/12 - 5*z**4/12 + 8*z**3/3 + z**2 + 1329*z. Give p(5).
-34
Let j(x) = 31*x**2 + 12*x + 6. Let f(y) = -59*y**2 - 24*y - 14. Let g(q) = 10*f(q) + 19*j(q). Give g(-7).
9
Let f(n) = -5951 + 11911 - 3*n - 5954 + 4*n. Give f(7).
13
Suppose 0 = 4*x - 5*t + 10, 238*t = -x + 233*t - 40. Let a(s) = s**2 + 7*s + 1. Calculate a(x).
31
Let d be (5/(-10))/((-1)/40). Suppose 9*h + d = 13*h. Let g(v) = 24 + v**3 - h*v - 21 + 2*v + 4*v**2 - v. What is g(-4)?
19
Let j(x) be the second derivative of x**3/6 - 13*x**2/2 - 123*x. Suppose 8*r + 39 - 111 = 0. Determine j(r).
-4
Let t(f) = -f**2 + 7*f**2 - 13*f**2 + 25*f**2 - 9*f**2 - 10 - f**3 - 14*f. Give t(7).
-10
Let r(g) = -20*g + 22. Let y be r(1). Let h(f) = -222*f**2 - 221*f**y + 14*f + 442*f**2. Calculate h(13).
13
Suppose r + 0*r - 50 = 2*h, 3*h + 2*r + 68 = 0. Let j be 6*(-3)/h*(-16 - -8). Let o be 29/(-87) - (1 + 38/j). Let s(a) = a**2 - 4*a + 2. Give s(o).
7
Let j(y) = -4*y + 2. Let p(v) = 3*v - 1. Let m be (14/(-10) + 1)*(17 - 77). Suppose -4*c - m = 4*c. Let i(x) = c*p(x) - 2*j(x). Determine i(-4).
3
Suppose 3*h - 117 = -4*r - 110, -27 = -3*r + 5*h. Let w(f) = -f**2. Let a(g) = -7 + 3*g**2 - 3*g**2 + g**3 - 7*g. Let q(o) = r*w(o) + a(o). Give q(6).
23
Let c(p) = -p**2 + 22. Suppose -3*m = -z - 7, -41*z + 13 = -36*z - 3*m. Determine c(z).
-3
Let a(g) = 8*g - 16. Let q = -36415 - -36430. What is a(q)?
104
Suppose 0 = 5*k - 9*k + 12. Suppose 26*x - 52 = -0. Let j(u) = x + 3 + u - 7 + k. What is j(3)?
4
Suppose -l = 4*r, 4*l + 4*r = l. Let s(d) = -5*d + l + 12*d**2 - 4 + 7 - 11*d**2. What is s(4)?
-1
Let j be 82 + (-7 + 13)*2/4. Let m = 85 - j. Let f(w) = -w**3 + w**2 + 27. Calculate f(m).
27
Let s(v) = -v + 7. Suppose 5*y = 2*y + 2*l - 1340, 1790 = -4*y + 2*l. Let h = y + 453. Determine s(h).
4
Let k(t) = -10*t**3 + t**2 + t + 1. Let q = -72 + -4. Let r = q - -48. Let w(f) = -f**2 - 27*f + 27. Let l be w(r). What is k(l)?
11
Let v(k) = 18*k - 2. Suppose 20*z - 16*z + 12 = -5*q, -20*z - 60 = 0. Calculate v(q).
-2
Let n(c) be the third derivative of -11*c**4/24 + 443*c**3/6 + c**2 - 1300*c. Calculate n(41).
-8
Let m(b) = -3 + 17 + 14*b + 14 + 7 + 19. Calculate m(-4).
-2
Let s = 57 + -49. Suppose -s = y - 12. Let n(r) = 3*r - 10. Let c be n(y). Let t(j) = -j**3 + 5*j**2 - 2. Determine t(c).
10
Let v(o) be the first derivative of o**3/3 + 7*o**2/2 - 133*o - 6240. Calculate v(8).
-13
Suppose 0 = -4*n - t + 27, 5*t + 7 = -18. Let a(o) = o - 7. Give a(n).
1
Let o = 141 - 145. Let x(h) = -4*h**2 + 13*h + 2. Let g(r) = 5*r**2 - 15*r - 1. Let s(i) = o*x(i) - 3*g(i). Calculate s(-4).
39
Suppose 260*s + 18 = 266*s. Let b(i) = 3 + 3*i + 0 - i**2 - 3*i**2 + s*i**2 + 2*i**2. Give b(-3).
3
Let o(f) = 9 - 1 - 7 - 3*f - 3 + f**2 - 7. Calculate o(6).
9
Let d(r) = r**2 + 2*r + 3. Suppose b = -5*t - 56, 5*t = b + 2*t + 16. Let x = b - -25. Let n be (6 - (x + 2))/(0 - 2). Determine d(n).
18
Let x(l) = -2*l + 1. Suppose 0 = -3*g - 5*k + 19, g = 2*g - k - 9. Let m(r) = -2*r - r + 19 - 18 + 25. Let s be m(g). Give x(s).
-3
Suppose -36*p - 3*v = -34*p - 42, -3*p + 4*v = -12. Let z(y) be the first derivative of p - 8*y - 8/3*y**3 - 9/2*y**2 - 1/4*y**4. What is z(-7)?
6
Let i(q) be the first derivative of -q**4/4 - q**3/3 - q**2/2 - 8*q - 2497. What is i(0)?
-8
Let o(y) = 2*y**2 + 3*y - 6. Let d be (-120)/140 + 320/(-350)*(-15)/2. Determine o(d).
84
Let l(k) = k**3 + 8*k**2 - 13*k - 8. Suppose x = 6*v + 53, 0*v = 2*v - 5*x + 13. Give l(v).
28
Let v be (-10)/(-40) - (0 + 97/4). Let x = v - -23. Let i(c) = -c. Let b(o) = 19*o + 1. Let s(g) = b(g) + i(g). What is s(x)?
-17
Let y(z) = 24*z**2 - 63 + z**3 - 419*z - 400*z + 764*z. What is y(-26)?
15
Let c(h) = -2*h**3 - 45*h**2 - 24*h - 19. Let v(l) = 45*l**2 - 227*l - 12. Let y be v(5). Determine c(y).
25
Let b(k) = -74 + 74 - 17*k + 16*k. Let h(q) = -7. Let g(s) = -b(s) + h(s). Calculate g(6).
-1
Suppose 66*p - 11*p - 30 = 25*p. Let w(s) be the first derivative of s + 2 + 23/2*s**2. Determine w(p).
24
Let a(p) = p**2 + 1. Suppose -21*g - 44 = -23*g. Suppose -9*y - 1 = 3*l - 5*y, -4*l + 5*y - g = 0. Let h be (2/(-6))/(l/(-18)). Give a(h).
5
Let f(y) = 0*y**2 + 5*y**3 - 4*y**2 - 3*y - 4*y**3 + 7*y - 2. Let h = -1191 + 1193. What is f(h)?
-2
Let q(f) be the first derivative of f**4/4 - 2*f**3/3 - f**2/2 + 281. Suppose -a + 10 = 4*a - 4*z, 3*a + 3*z + 21 = 0. Give q(a).
-14
Let r(d) = -d + 5. Let g(z) = 2*z**2 + z + 2. Let x be g(-2). Let y be ((-2)/5)/(-1 + x/10). Suppose -3*h = y*h - 20. Give r(h).
1
Let x(w) be the second derivative of -w**6/180 - w**5/60 + w**3/6 - 89*w**2/2 + 110*w. Let j(o) be the second derivative of x(o). Give j(-2).
-4
Let f(o) be the second derivative of -o**3/3 - 31*o**2/2 - 376*o + 2. Determine f(-9).
-13
Let q(t) = -149*t**3 + t**2 + 3*t + 2. Let j be q(-1).